{"id":2891,"date":"2026-02-19T12:51:00","date_gmt":"2026-02-19T12:51:00","guid":{"rendered":"https:\/\/www.yervoyages.com\/?page_id=2891"},"modified":"2026-02-19T12:53:57","modified_gmt":"2026-02-19T12:53:57","slug":"kullanim-sartlari","status":"publish","type":"page","link":"https:\/\/www.yervoyages.com\/?page_id=2891&lang=tr","title":{"rendered":"Kullan\u0131m \u015eartlar\u0131"},"content":{"rendered":"\t\t<div data-elementor-type=\"wp-page\" data-elementor-id=\"2891\" class=\"elementor elementor-2891\" data-elementor-post-type=\"page\">\n\t\t\t\t\t\t<section class=\"elementor-section elementor-top-section elementor-element elementor-element-845fe56 elementor-section-height-min-height elementor-section-boxed elementor-section-height-default elementor-section-items-middle\" data-id=\"845fe56\" data-element_type=\"section\" data-e-type=\"section\" data-settings=\"{&quot;background_background&quot;:&quot;gradient&quot;}\">\n\t\t\t\t\t\t<div class=\"elementor-container elementor-column-gap-default\">\n\t\t\t\t\t<div class=\"elementor-column elementor-col-100 elementor-top-column elementor-element elementor-element-3061142\" data-id=\"3061142\" data-element_type=\"column\" data-e-type=\"column\">\n\t\t\t<div class=\"elementor-widget-wrap\">\n\t\t\t\t\t\t\t<\/div>\n\t\t<\/div>\n\t\t\t\t\t<\/div>\n\t\t<\/section>\n\t\t\t\t<section class=\"elementor-section elementor-top-section elementor-element elementor-element-a257e35 elementor-section-boxed elementor-section-height-default elementor-section-height-default\" data-id=\"a257e35\" data-element_type=\"section\" data-e-type=\"section\">\n\t\t\t\t\t\t<div class=\"elementor-container elementor-column-gap-default\">\n\t\t\t\t\t<div class=\"elementor-column elementor-col-100 elementor-top-column elementor-element elementor-element-3a1d54d\" data-id=\"3a1d54d\" data-element_type=\"column\" data-e-type=\"column\">\n\t\t\t<div class=\"elementor-widget-wrap elementor-element-populated\">\n\t\t\t\t\t\t<div class=\"elementor-element elementor-element-8b10a26 elementor-widget elementor-widget-heading\" data-id=\"8b10a26\" data-element_type=\"widget\" data-e-type=\"widget\" data-widget_type=\"heading.default\">\n\t\t\t\t\t<h2 class=\"elementor-heading-title elementor-size-default\">Kullan\u0131m \u015eartlar\u0131<\/h2>\t\t\t\t<\/div>\n\t\t\t\t<div class=\"elementor-element elementor-element-664f3c1 elementor-widget elementor-widget-text-editor\" data-id=\"664f3c1\" data-element_type=\"widget\" data-e-type=\"widget\" data-widget_type=\"text-editor.default\">\n\t\t\t\t\t\t\t\t\t<ol><li><ol><li><p>\u0130\u015fbu Kullan\u0131m \u015eartlar\u0131 (\u201c\u015eartlar\u201d), <strong><a href=\"http:\/\/www.yervoyages.com\">www.yervoyages.com<\/a><\/strong> (\u201cWeb Sitesi\u201d) adresinin kullan\u0131m\u0131n\u0131 ve <strong>Yer Voyages<\/strong> (\u201c\u015eirket\u201d, \u201cbiz\u201d, \u201cbize\u201d, \u201cbizim\u201d) taraf\u0131ndan sunulan hizmetleri d\u00fczenler.<\/p><p>Web Sitesi\u2019ne eri\u015ferek veya hizmetlerimizi kullanarak bu \u015eartlar ile hukuken ba\u011fl\u0131 olmay\u0131 kabul etmi\u015f say\u0131l\u0131rs\u0131n\u0131z. \u015eartlar\u0131 kabul etmiyorsan\u0131z Web Sitesi\u2019ni kullanmamal\u0131s\u0131n\u0131z.<\/p><ol><li><strong> Kullan\u0131m Ko\u015fullar\u0131<\/strong><\/li><\/ol><p>Web Sitesi\u2019ni kullanabilmek ve rezervasyon yapabilmek i\u00e7in:<\/p><ul><li>En az 18 ya\u015f\u0131nda olman\u0131z,<\/li><li>Hukuken ba\u011flay\u0131c\u0131 s\u00f6zle\u015fme yapma ehliyetine sahip olman\u0131z<\/li><\/ul><p>gerekmektedir.<\/p><p>Web Sitesi\u2019ni kullanarak bu ko\u015fullar\u0131 sa\u011flad\u0131\u011f\u0131n\u0131z\u0131 beyan etmi\u015f olursunuz.<\/p><ol start=\"2\"><li><strong> Hizmet Kapsam\u0131<\/strong><\/li><\/ol><p>Yer Voyages a\u015fa\u011f\u0131daki seyahat hizmetlerini sunabilir:<\/p><ul><li>Seyahat planlama ve dan\u0131\u015fmanl\u0131k<\/li><li>Tur paketleri<\/li><li>Konaklama organizasyonu<\/li><li>Ula\u015f\u0131m rezervasyonlar\u0131<\/li><li>Ki\u015fiye \u00f6zel seyahat deneyimleri<\/li><\/ul><p>\u015eirket, baz\u0131 hizmetlerde havayollar\u0131, oteller ve tur operat\u00f6rleri gibi \u00fc\u00e7\u00fcnc\u00fc taraf sa\u011flay\u0131c\u0131lar ad\u0131na arac\u0131 olarak hareket edebilir.<\/p><ol start=\"3\"><li><strong> Rezervasyon ve \u00d6deme<\/strong><\/li><\/ol><p><strong>3.1 Bilgilerin Do\u011frulu\u011fu<\/strong><\/p><p>Rezervasyon s\u0131ras\u0131nda sa\u011flad\u0131\u011f\u0131n\u0131z bilgilerin do\u011fru, eksiksiz ve g\u00fcncel oldu\u011funu kabul edersiniz.<\/p><p><strong>3.2 Fiyatland\u0131rma<\/strong><\/p><p>T\u00fcm fiyatlar m\u00fcsaitlik durumuna ba\u011fl\u0131d\u0131r ve rezervasyon onaylanana kadar de\u011fi\u015ftirilebilir.<\/p><p><strong>3.3 \u00d6deme<\/strong><\/p><p>Rezervasyonun kesinle\u015fmesi i\u00e7in k\u0131smi veya tam \u00f6deme talep edilebilir. \u00d6deme ko\u015fullar\u0131 rezervasyon a\u015famas\u0131nda bildirilecektir.<\/p><p>Zaman\u0131nda \u00f6deme yap\u0131lmamas\u0131 rezervasyonun iptaline neden olabilir.<\/p><ol start=\"4\"><li><strong> \u0130ptal ve \u0130ade<\/strong><\/li><\/ol><p>\u0130ptal ve iade ko\u015fullar\u0131 se\u00e7ilen hizmete ve ilgili \u00fc\u00e7\u00fcnc\u00fc taraf sa\u011flay\u0131c\u0131n\u0131n politikalar\u0131na g\u00f6re de\u011fi\u015fiklik g\u00f6sterebilir.<\/p><p>Rezervasyon s\u0131ras\u0131nda ge\u00e7erli iptal \u015fartlar\u0131 taraf\u0131n\u0131za bildirilecektir. Baz\u0131 hizmetler iade edilemez olabilir.<\/p><p>\u00dc\u00e7\u00fcnc\u00fc taraf sa\u011flay\u0131c\u0131lar\u0131n kendi politikalar\u0131 do\u011frultusunda reddetti\u011fi iadelerden Yer Voyages sorumlu de\u011fildir.<\/p><ol start=\"5\"><li><strong> Seyahat Belgeleri ve Sorumluluk<\/strong><\/li><\/ol><p>A\u015fa\u011f\u0131daki hususlardan kullan\u0131c\u0131 sorumludur:<\/p><ul><li>Ge\u00e7erli pasaport ve vize temini<\/li><li>Giri\u015f ve \u00e7\u0131k\u0131\u015f kurallar\u0131na uyum<\/li><li>Seyahat sigortas\u0131 yapt\u0131r\u0131lmas\u0131<\/li><li>Sa\u011fl\u0131k ve a\u015f\u0131 gerekliliklerinin kar\u015f\u0131lanmas\u0131<\/li><\/ul><p>Gerekli belgelerin eksikli\u011fi nedeniyle ya\u015fanan seyahat aksakl\u0131klar\u0131ndan \u015eirket sorumlu tutulamaz.<\/p><ol start=\"6\"><li><strong> \u00dc\u00e7\u00fcnc\u00fc Taraf Hizmetler<\/strong><\/li><\/ol><p>Web Sitesi \u00fczerinden sa\u011flanan baz\u0131 hizmetler \u00fc\u00e7\u00fcnc\u00fc taraf sa\u011flay\u0131c\u0131lara ait olabilir ve kendi s\u00f6zle\u015fme \u015fartlar\u0131na tabidir.<\/p><p>\u015eirket a\u015fa\u011f\u0131dakilerden sorumlu de\u011fildir:<\/p><ul><li>\u00dc\u00e7\u00fcnc\u00fc taraflar\u0131n fiil veya ihmalleri<\/li><li>U\u00e7u\u015f iptalleri veya program de\u011fi\u015fiklikleri<\/li><li>Seyahat s\u0131ras\u0131nda meydana gelen zarar, kay\u0131p veya kazalar<\/li><li>M\u00fccbir sebep halleri<\/li><\/ul><ol start=\"7\"><li><strong> Fikri M\u00fclkiyet Haklar\u0131<\/strong><\/li><\/ol><p>Web Sitesi\u2019nde yer alan t\u00fcm i\u00e7erikler:<\/p><ul><li>Metinler<\/li><li>Logolar<\/li><li>G\u00f6rseller<\/li><li>Grafikler<\/li><li>Tasar\u0131m unsurlar\u0131<\/li><li>Markalar<\/li><\/ul><p>Yer Voyages\u2019a veya lisans verenlerine aittir ve ilgili mevzuat kapsam\u0131nda korunmaktad\u0131r.<\/p><p>\u00d6nceden yaz\u0131l\u0131 izin al\u0131nmaks\u0131z\u0131n i\u00e7eriklerin kopyalanmas\u0131, \u00e7o\u011falt\u0131lmas\u0131 veya ticari ama\u00e7la kullan\u0131lmas\u0131 yasakt\u0131r.<\/p><ol start=\"8\"><li><strong> Yasakl\u0131 Kullan\u0131m<\/strong><\/li><\/ol><p>Kullan\u0131c\u0131 a\u015fa\u011f\u0131daki fiillerde bulunmamay\u0131 kabul eder:<\/p><ul><li>Web Sitesi\u2019ni hukuka ayk\u0131r\u0131 ama\u00e7larla kullanmak<\/li><li>Yetkisiz eri\u015fim giri\u015fiminde bulunmak<\/li><li>Site altyap\u0131s\u0131na zarar vermek<\/li><li>Zararl\u0131 yaz\u0131l\u0131m yaymak<\/li><li>Otomatik sistemlerle veri toplamak<\/li><\/ul><p>Bu t\u00fcr ihlaller hukuki sorumluluk do\u011furabilir.<\/p><ol start=\"9\"><li><strong> Sorumlulu\u011fun Reddi<\/strong><\/li><\/ol><p>Web Sitesi ve hizmetler \u201coldu\u011fu gibi\u201d ve \u201cmevcut oldu\u011fu \u00f6l\u00e7\u00fcde\u201d sunulmaktad\u0131r.<\/p><p>\u015eirket:<\/p><ul><li>Kesintisiz eri\u015fim<\/li><li>Hatas\u0131z i\u00e7erik<\/li><li>\u00dc\u00e7\u00fcnc\u00fc taraf bilgilerinin do\u011frulu\u011fu<\/li><\/ul><p>konular\u0131nda garanti vermez.<\/p><ol start=\"10\"><li><strong> Sorumlulu\u011fun S\u0131n\u0131rland\u0131r\u0131lmas\u0131<\/strong><\/li><\/ol><p>Y\u00fcr\u00fcrl\u00fckteki mevzuat\u0131n izin verdi\u011fi azami \u00f6l\u00e7\u00fcde Yer Voyages;<\/p><ul><li>Dolayl\u0131 zararlar,<\/li><li>Kar kayb\u0131,<\/li><li>Gelir kayb\u0131,<\/li><li>Kontrol\u00fcm\u00fcz d\u0131\u015f\u0131ndaki seyahat aksakl\u0131klar\u0131<\/li><\/ul><p>nedeniyle sorumlu tutulamaz.<\/p><p>Toplam sorumluluk, ilgili hizmet i\u00e7in taraf\u0131n\u0131zca \u00f6denen bedel ile s\u0131n\u0131rl\u0131d\u0131r.<\/p><ol start=\"11\"><li><strong> Tazminat<\/strong><\/li><\/ol><p>Kullan\u0131c\u0131, Web Sitesi\u2019ni k\u00f6t\u00fcye kullanmas\u0131 veya bu \u015eartlar\u0131 ihlal etmesi sonucu do\u011fabilecek her t\u00fcrl\u00fc talep ve zarara kar\u015f\u0131 \u015eirket\u2019i tazmin etmeyi kabul eder.<\/p><ol start=\"12\"><li><strong> Gizlilik<\/strong><\/li><\/ol><p>Web Sitesi\u2019nin kullan\u0131m\u0131 ayr\u0131ca Gizlilik Politikas\u0131\u2019na tabidir. Gizlilik Politikas\u0131 i\u015fbu \u015eartlar\u0131n ayr\u0131lmaz bir par\u00e7as\u0131d\u0131r.<\/p><ol start=\"13\"><li><strong> De\u011fi\u015fiklikler<\/strong><\/li><\/ol><p>\u015eirket bu \u015eartlar\u0131 \u00f6nceden bildirimde bulunmaks\u0131z\u0131n de\u011fi\u015ftirme hakk\u0131n\u0131 sakl\u0131 tutar.<\/p><p>G\u00fcncellenmi\u015f \u015fartlar Web Sitesi\u2019nde yay\u0131mland\u0131\u011f\u0131 tarihte y\u00fcr\u00fcrl\u00fc\u011fe girer.<\/p><ol start=\"14\"><li><strong> Uygulanacak Hukuk ve Yetki<\/strong><\/li><\/ol><p>\u0130\u015fbu \u015eartlar <strong>[\u00dclke Ad\u0131]<\/strong> hukukuna tabidir.<\/p><p>Bu \u015eartlardan do\u011fabilecek uyu\u015fmazl\u0131klarda <strong>[\u015eehir\/\u00dclke]<\/strong> mahkemeleri yetkilidir.<\/p><ol start=\"15\"><li><strong> \u0130leti\u015fim<\/strong><\/li><\/ol><p>\u015eartlar hakk\u0131nda sorular\u0131n\u0131z i\u00e7in:<\/p><p><strong>[\u015eirketin Resmi \u00dcnvan\u0131]<\/strong><br \/>[Adres]<br \/>[\u015eehir \/ \u00dclke]<br \/>E-posta: [E-posta]<br \/>Telefon: [Telefon]<\/p><p>\u00a0<\/p><\/li><\/ol><\/li><\/ol>\t\t\t\t\t\t\t\t<\/div>\n\t\t\t\t\t<\/div>\n\t\t<\/div>\n\t\t\t\t\t<\/div>\n\t\t<\/section>\n\t\t\t\t<\/div>\n\t\t","protected":false},"excerpt":{"rendered":"<p>\u0130\u015fbu Kullan\u0131m \u015eartlar\u0131 (\u201c\u015eartlar\u201d), www.yervoyages.com (\u201cWeb Sitesi\u201d) adresinin kullan\u0131m\u0131n\u0131 ve Yer Voyages (\u201c\u015eirket\u201d, \u201cbiz\u201d, \u201cbize\u201d, \u201cbizim\u201d) taraf\u0131ndan sunulan hizmetleri d\u00fczenler. Web Sitesi\u2019ne eri\u015ferek veya hizmetlerimizi kullanarak bu \u015eartlar ile hukuken ba\u011fl\u0131 olmay\u0131 kabul etmi\u015f say\u0131l\u0131rs\u0131n\u0131z. \u015eartlar\u0131 kabul etmiyorsan\u0131z Web Sitesi\u2019ni kullanmamal\u0131s\u0131n\u0131z. Kullan\u0131m Ko\u015fullar\u0131 Web Sitesi\u2019ni kullanabilmek ve rezervasyon yapabilmek i\u00e7in: En az 18 ya\u015f\u0131nda olman\u0131z, [&hellip;]<\/p>\n","protected":false},"author":3,"featured_media":0,"parent":0,"menu_order":0,"comment_status":"closed","ping_status":"closed","template":"elementor_header_footer","meta":{"footnotes":""},"class_list":["post-2891","page","type-page","status-publish","hentry"],"lang":"tr","translations":{"tr":2891,"en":2886,"el":2897},"pll_sync_post":[],"_links":{"self":[{"href":"https:\/\/www.yervoyages.com\/index.php?rest_route=\/wp\/v2\/pages\/2891","targetHints":{"allow":["GET"]}}],"collection":[{"href":"https:\/\/www.yervoyages.com\/index.php?rest_route=\/wp\/v2\/pages"}],"about":[{"href":"https:\/\/www.yervoyages.com\/index.php?rest_route=\/wp\/v2\/types\/page"}],"author":[{"embeddable":true,"href":"https:\/\/www.yervoyages.com\/index.php?rest_route=\/wp\/v2\/users\/3"}],"replies":[{"embeddable":true,"href":"https:\/\/www.yervoyages.com\/index.php?rest_route=%2Fwp%2Fv2%2Fcomments&post=2891"}],"version-history":[{"count":5,"href":"https:\/\/www.yervoyages.com\/index.php?rest_route=\/wp\/v2\/pages\/2891\/revisions"}],"predecessor-version":[{"id":2896,"href":"https:\/\/www.yervoyages.com\/index.php?rest_route=\/wp\/v2\/pages\/2891\/revisions\/2896"}],"wp:attachment":[{"href":"https:\/\/www.yervoyages.com\/index.php?rest_route=%2Fwp%2Fv2%2Fmedia&parent=2891"}],"curies":[{"name":"wp","href":"https:\/\/api.w.org\/{rel}","templated":true}]}}